{"id":169,"date":"2021-01-30T12:18:54","date_gmt":"2021-01-30T11:18:54","guid":{"rendered":"http:\/\/www.monkeytrip.fr\/?page_id=169"},"modified":"2022-06-16T13:47:05","modified_gmt":"2022-06-16T11:47:05","slug":"elementor-169","status":"publish","type":"page","link":"https:\/\/www.monkeytrip.fr\/?page_id=169","title":{"rendered":"Contact"},"content":{"rendered":"\t\t<div data-elementor-type=\"wp-post\" data-elementor-id=\"169\" class=\"elementor elementor-169\">\n\t\t\t\t\t\t<section class=\"elementor-section elementor-top-section elementor-element elementor-element-eae1c25 elementor-section-height-min-height elementor-section-boxed elementor-section-height-default elementor-section-items-middle\" data-id=\"eae1c25\" data-element_type=\"section\">\n\t\t\t\t\t\t\t<div class=\"elementor-background-overlay\"><\/div>\n\t\t\t\t\t\t\t<div class=\"elementor-container elementor-column-gap-default\">\n\t\t\t\t\t<div class=\"elementor-column elementor-col-100 elementor-top-column elementor-element elementor-element-7305927\" data-id=\"7305927\" data-element_type=\"column\" data-settings=\"{&quot;background_background&quot;:&quot;classic&quot;}\">\n\t\t\t<div class=\"elementor-widget-wrap elementor-element-populated\">\n\t\t\t\t\t\t<div class=\"elementor-element elementor-element-a59bbf4 elementor-widget elementor-widget-heading\" data-id=\"a59bbf4\" data-element_type=\"widget\" data-widget_type=\"heading.default\">\n\t\t\t\t<div class=\"elementor-widget-container\">\n\t\t\t<h2 class=\"elementor-heading-title elementor-size-default\">Contactez-nous<\/h2>\t\t<\/div>\n\t\t\t\t<\/div>\n\t\t\t\t<div class=\"elementor-element elementor-element-93a5a74 elementor-widget elementor-widget-text-editor\" data-id=\"93a5a74\" data-element_type=\"widget\" data-widget_type=\"text-editor.default\">\n\t\t\t\t<div class=\"elementor-widget-container\">\n\t\t\t\t\t\t\t<p>Nous n&rsquo;avons pas de formulaire de contact pour \u00e9viter les spams (et ils sont nombreux), mais on reste joignable sur notre insta alors n&rsquo;h\u00e9sitez pas \ud83d\ude00<\/p>\t\t\t\t\t\t<\/div>\n\t\t\t\t<\/div>\n\t\t\t\t<div class=\"elementor-element elementor-element-0ef86cb elementor-mobile-align-center elementor-align-center elementor-widget elementor-widget-button\" data-id=\"0ef86cb\" data-element_type=\"widget\" data-widget_type=\"button.default\">\n\t\t\t\t<div class=\"elementor-widget-container\">\n\t\t\t\t\t\t\t<div class=\"elementor-button-wrapper\">\n\t\t\t\t\t<a class=\"elementor-button elementor-button-link elementor-size-md elementor-animation-float\" href=\"https:\/\/www.instagram.com\/monkeytrip.fr\/\">\n\t\t\t\t\t\t<span class=\"elementor-button-content-wrapper\">\n\t\t\t\t\t\t<span class=\"elementor-button-icon\">\n\t\t\t\t<i aria-hidden=\"true\" class=\"fab fa-instagram\"><\/i>\t\t\t<\/span>\n\t\t\t\t\t\t\t\t\t<span class=\"elementor-button-text\">Notre insta<\/span>\n\t\t\t\t\t<\/span>\n\t\t\t\t\t<\/a>\n\t\t\t\t<\/div>\n\t\t\t\t\t\t<\/div>\n\t\t\t\t<\/div>\n\t\t\t\t\t<\/div>\n\t\t<\/div>\n\t\t\t\t\t<\/div>\n\t\t<\/section>\n\t\t\t\t<\/div>\n\t\t","protected":false},"excerpt":{"rendered":"<p>Contactez-nous Nous n&rsquo;avons pas de formulaire de contact pour \u00e9viter &hellip; <\/p>\n","protected":false},"author":1,"featured_media":0,"parent":0,"menu_order":0,"comment_status":"closed","ping_status":"closed","template":"","meta":{"pgc_meta":"","inline_featured_image":false,"footnotes":""},"class_list":["post-169","page","type-page","status-publish","hentry"],"pgc_meta":"","yoast_head":"<!-- This site is optimized with the Yoast SEO plugin v24.0 - https:\/\/yoast.com\/wordpress\/plugins\/seo\/ -->\n<title>Contact - Monkey Trip<\/title>\n<meta name=\"robots\" content=\"index, follow, max-snippet:-1, max-image-preview:large, max-video-preview:-1\" \/>\n<link rel=\"canonical\" href=\"https:\/\/www.monkeytrip.fr\/?page_id=169\" \/>\n<meta property=\"og:locale\" content=\"fr_FR\" \/>\n<meta property=\"og:type\" content=\"article\" \/>\n<meta property=\"og:title\" content=\"Contact - Monkey Trip\" \/>\n<meta property=\"og:description\" content=\"Contactez-nous Nous n&rsquo;avons pas de formulaire de contact pour \u00e9viter &hellip;\" \/>\n<meta property=\"og:url\" content=\"https:\/\/www.monkeytrip.fr\/?page_id=169\" \/>\n<meta property=\"og:site_name\" content=\"Monkey Trip\" \/>\n<meta property=\"article:modified_time\" content=\"2022-06-16T11:47:05+00:00\" \/>\n<meta name=\"twitter:card\" content=\"summary_large_image\" \/>\n<meta name=\"twitter:label1\" content=\"Dur\u00e9e de lecture estim\u00e9e\" \/>\n\t<meta name=\"twitter:data1\" content=\"1 minute\" \/>\n<script type=\"application\/ld+json\" class=\"yoast-schema-graph\">{\"@context\":\"https:\/\/schema.org\",\"@graph\":[{\"@type\":\"WebPage\",\"@id\":\"https:\/\/www.monkeytrip.fr\/?page_id=169\",\"url\":\"https:\/\/www.monkeytrip.fr\/?page_id=169\",\"name\":\"Contact - Monkey Trip\",\"isPartOf\":{\"@id\":\"https:\/\/www.monkeytrip.fr\/#website\"},\"datePublished\":\"2021-01-30T11:18:54+00:00\",\"dateModified\":\"2022-06-16T11:47:05+00:00\",\"breadcrumb\":{\"@id\":\"https:\/\/www.monkeytrip.fr\/?page_id=169#breadcrumb\"},\"inLanguage\":\"fr-FR\",\"potentialAction\":[{\"@type\":\"ReadAction\",\"target\":[\"https:\/\/www.monkeytrip.fr\/?page_id=169\"]}]},{\"@type\":\"BreadcrumbList\",\"@id\":\"https:\/\/www.monkeytrip.fr\/?page_id=169#breadcrumb\",\"itemListElement\":[{\"@type\":\"ListItem\",\"position\":1,\"name\":\"Accueil\",\"item\":\"https:\/\/www.monkeytrip.fr\/\"},{\"@type\":\"ListItem\",\"position\":2,\"name\":\"Contact\"}]},{\"@type\":\"WebSite\",\"@id\":\"https:\/\/www.monkeytrip.fr\/#website\",\"url\":\"https:\/\/www.monkeytrip.fr\/\",\"name\":\"Monkey Trip\",\"description\":\"Totalement novice \ud83d\ude05 ! Nous nous lan\u00e7ons un d\u00e9fis: Partir autour du monde pour une dur\u00e9e ind\u00e9termin\u00e9, par la route, avec notre maison roulante! \ud83d\udc40\",\"publisher\":{\"@id\":\"https:\/\/www.monkeytrip.fr\/#organization\"},\"potentialAction\":[{\"@type\":\"SearchAction\",\"target\":{\"@type\":\"EntryPoint\",\"urlTemplate\":\"https:\/\/www.monkeytrip.fr\/?s={search_term_string}\"},\"query-input\":{\"@type\":\"PropertyValueSpecification\",\"valueRequired\":true,\"valueName\":\"search_term_string\"}}],\"inLanguage\":\"fr-FR\"},{\"@type\":\"Organization\",\"@id\":\"https:\/\/www.monkeytrip.fr\/#organization\",\"name\":\"Monkey trip\",\"url\":\"https:\/\/www.monkeytrip.fr\/\",\"logo\":{\"@type\":\"ImageObject\",\"inLanguage\":\"fr-FR\",\"@id\":\"https:\/\/www.monkeytrip.fr\/#\/schema\/logo\/image\/\",\"url\":\"http:\/\/www.monkeytrip.fr\/wp-content\/uploads\/2021\/04\/cropped-logo-monkey-trip.png\",\"contentUrl\":\"http:\/\/www.monkeytrip.fr\/wp-content\/uploads\/2021\/04\/cropped-logo-monkey-trip.png\",\"width\":512,\"height\":512,\"caption\":\"Monkey trip\"},\"image\":{\"@id\":\"https:\/\/www.monkeytrip.fr\/#\/schema\/logo\/image\/\"},\"sameAs\":[\"https:\/\/www.instagram.com\/monkeytrip.fr\/?hl=fr\",\"https:\/\/www.youtube.com\/channel\/UCHJTCJwXEtQCKBuPOGtcktQ\"]}]}<\/script>\n<!-- \/ Yoast SEO plugin. -->","yoast_head_json":{"title":"Contact - Monkey Trip","robots":{"index":"index","follow":"follow","max-snippet":"max-snippet:-1","max-image-preview":"max-image-preview:large","max-video-preview":"max-video-preview:-1"},"canonical":"https:\/\/www.monkeytrip.fr\/?page_id=169","og_locale":"fr_FR","og_type":"article","og_title":"Contact - Monkey Trip","og_description":"Contactez-nous Nous n&rsquo;avons pas de formulaire de contact pour \u00e9viter &hellip;","og_url":"https:\/\/www.monkeytrip.fr\/?page_id=169","og_site_name":"Monkey Trip","article_modified_time":"2022-06-16T11:47:05+00:00","twitter_card":"summary_large_image","twitter_misc":{"Dur\u00e9e de lecture estim\u00e9e":"1 minute"},"schema":{"@context":"https:\/\/schema.org","@graph":[{"@type":"WebPage","@id":"https:\/\/www.monkeytrip.fr\/?page_id=169","url":"https:\/\/www.monkeytrip.fr\/?page_id=169","name":"Contact - Monkey Trip","isPartOf":{"@id":"https:\/\/www.monkeytrip.fr\/#website"},"datePublished":"2021-01-30T11:18:54+00:00","dateModified":"2022-06-16T11:47:05+00:00","breadcrumb":{"@id":"https:\/\/www.monkeytrip.fr\/?page_id=169#breadcrumb"},"inLanguage":"fr-FR","potentialAction":[{"@type":"ReadAction","target":["https:\/\/www.monkeytrip.fr\/?page_id=169"]}]},{"@type":"BreadcrumbList","@id":"https:\/\/www.monkeytrip.fr\/?page_id=169#breadcrumb","itemListElement":[{"@type":"ListItem","position":1,"name":"Accueil","item":"https:\/\/www.monkeytrip.fr\/"},{"@type":"ListItem","position":2,"name":"Contact"}]},{"@type":"WebSite","@id":"https:\/\/www.monkeytrip.fr\/#website","url":"https:\/\/www.monkeytrip.fr\/","name":"Monkey Trip","description":"Totalement novice \ud83d\ude05 ! Nous nous lan\u00e7ons un d\u00e9fis: Partir autour du monde pour une dur\u00e9e ind\u00e9termin\u00e9, par la route, avec notre maison roulante! \ud83d\udc40","publisher":{"@id":"https:\/\/www.monkeytrip.fr\/#organization"},"potentialAction":[{"@type":"SearchAction","target":{"@type":"EntryPoint","urlTemplate":"https:\/\/www.monkeytrip.fr\/?s={search_term_string}"},"query-input":{"@type":"PropertyValueSpecification","valueRequired":true,"valueName":"search_term_string"}}],"inLanguage":"fr-FR"},{"@type":"Organization","@id":"https:\/\/www.monkeytrip.fr\/#organization","name":"Monkey trip","url":"https:\/\/www.monkeytrip.fr\/","logo":{"@type":"ImageObject","inLanguage":"fr-FR","@id":"https:\/\/www.monkeytrip.fr\/#\/schema\/logo\/image\/","url":"http:\/\/www.monkeytrip.fr\/wp-content\/uploads\/2021\/04\/cropped-logo-monkey-trip.png","contentUrl":"http:\/\/www.monkeytrip.fr\/wp-content\/uploads\/2021\/04\/cropped-logo-monkey-trip.png","width":512,"height":512,"caption":"Monkey trip"},"image":{"@id":"https:\/\/www.monkeytrip.fr\/#\/schema\/logo\/image\/"},"sameAs":["https:\/\/www.instagram.com\/monkeytrip.fr\/?hl=fr","https:\/\/www.youtube.com\/channel\/UCHJTCJwXEtQCKBuPOGtcktQ"]}]}},"_links":{"self":[{"href":"https:\/\/www.monkeytrip.fr\/index.php?rest_route=\/wp\/v2\/pages\/169","targetHints":{"allow":["GET"]}}],"collection":[{"href":"https:\/\/www.monkeytrip.fr\/index.php?rest_route=\/wp\/v2\/pages"}],"about":[{"href":"https:\/\/www.monkeytrip.fr\/index.php?rest_route=\/wp\/v2\/types\/page"}],"author":[{"embeddable":true,"href":"https:\/\/www.monkeytrip.fr\/index.php?rest_route=\/wp\/v2\/users\/1"}],"replies":[{"embeddable":true,"href":"https:\/\/www.monkeytrip.fr\/index.php?rest_route=%2Fwp%2Fv2%2Fcomments&post=169"}],"version-history":[{"count":203,"href":"https:\/\/www.monkeytrip.fr\/index.php?rest_route=\/wp\/v2\/pages\/169\/revisions"}],"predecessor-version":[{"id":7266,"href":"https:\/\/www.monkeytrip.fr\/index.php?rest_route=\/wp\/v2\/pages\/169\/revisions\/7266"}],"wp:attachment":[{"href":"https:\/\/www.monkeytrip.fr\/index.php?rest_route=%2Fwp%2Fv2%2Fmedia&parent=169"}],"curies":[{"name":"wp","href":"https:\/\/api.w.org\/{rel}","templated":true}]}}